{"id":1249,"date":"2012-02-07T15:28:50","date_gmt":"2012-02-07T14:28:50","guid":{"rendered":"https:\/\/justinstyle.cz\/?page_id=1249"},"modified":"2025-09-04T15:28:16","modified_gmt":"2025-09-04T14:28:16","slug":"host-ravel","status":"publish","type":"page","link":"https:\/\/justinstyle.cz\/?page_id=1249","title":{"rendered":"Borderline Country Ravel"},"content":{"rendered":"<h1 id=\"borderline-country-ravel-ravi\" style=\"text-align: center;\">\u00a0Borderline Country Ravel \u201eRavi\u201c<\/h1>\n<h4 id=\"chovny\" style=\"text-align: center;\">Chovn\u00fd<\/h4>\n<h3 id=\"borderline-country-ravel-pedigree\" style=\"text-align: center;\"><a href=\"https:\/\/justinstyle.cz\/wp-content\/uploads\/2013\/01\/ravel-rodokmen.jpg\">Borderline Country Ravel Pedigree<\/a><\/h3>\n<p style=\"text-align: center;\"><strong>Otec:<\/strong>\u00a0Borderbay Secret Love \u201eTheo\u201c \u00a0 \u00a0 \u00a0 \u00a0 \u00a0 <strong>Matka:<\/strong>\u00a0Demssin Yellow Rosse \u201eSini\u201c<\/p>\n<p style=\"text-align: center;\">Narozen: \u00a03.12.2011 in Wiena, Austria<\/p>\n<p style=\"text-align: center;\">\u00damrt\u00ed: 17.05.2024 v \u0158\u00edkovic\u00edch<\/p>\n<p style=\"text-align: center;\">HD A, \u00a0ED 0\/0,\u00a0\u00a0OCD free<\/p>\n<p style=\"text-align: center;\">DNA CEA, TNS, CL, GG \u2013 genotyp normal<\/p>\n<p style=\"text-align: center;\">MDR1 +\/+ \u00a0 \u00a0 \u00a0Gonioscopy unaffected<\/p>\n<p style=\"text-align: center;\"><strong>Seznam v\u00fdstav a zkou\u0161ek:<\/strong> \u00a0\u00a0<a href=\"https:\/\/justinstyle.cz\/wp-content\/uploads\/2012\/02\/Ravi-v\u00fdstavy-a-zkou\u0161ky-Aj1.xlsx\">Ravi v\u00fdstavy a zkou\u0161ky<\/a><\/p>\n<p style=\"text-align: center;\"><strong>Zkou\u0161ky:<\/strong><\/p>\n<p style=\"text-align: center;\">Canis Therapy exam, \u00a0ZVOP, ZZO, ZOP, OB-Z, ZZO 1, BH, ZPU-1, MD1, F1, DwD1<\/p>\n<p style=\"text-align: center;\"><strong>V\u00fdstavy:<\/strong><\/p>\n<p style=\"text-align: center;\">Inter Champion C.I.E.<\/p>\n<p style=\"text-align: center;\">Grand Champion Slovak, Montenegro<\/p>\n<p style=\"text-align: center;\">Champion Croatia,\u00a0Champion\u00a0Poland, Champion Slovak, Mediterranean, Jadran, Balkan, Montenegro<\/p>\n<p style=\"text-align: center;\">Club Champion BCCCZ<\/p>\n<p style=\"text-align: center;\">Junior Champion SK, CZ, PL<\/p>\n<p style=\"text-align: center;\">Club Junior Winner Cz \u00a02012, National Winner 2015<\/p>\n<p style=\"text-align: center;\">Junior Winner Special Show SK \u00a0 2012<\/p>\n<p style=\"text-align: center;\">Best Puppy, 2x JBOB, 5x r. CACIB, 4x CACIB, 3x BOS<\/p>\n<p style=\"text-align: center;\">Rav\u00ed\u010dek je \u010dekatel \u0161ampiona \u00a0\u010cesk\u00e9ho, Slovinsk\u00e9ho<\/p>\n<p style=\"text-align: center;\"><strong>Z\u00e1vody:<\/strong><\/p>\n<p style=\"text-align: center;\">2014 M\u010cR BCCCZ OB\u00a0\u2013 9. m\u00edsto dle OB-Z<\/p>\n<p style=\"text-align: center;\">2014 OB Javorka\u00a0\u2013 6. m\u00edsto dle OB-U<\/p>\n<p style=\"text-align: center;\">M\u010cR BCCCZ v obedienci 2012 \u2013 \u0160prtobit\u00ed do 12 m\u011bs\u00edc\u016f \u2013 7. m\u00edsto<\/p>\n<p style=\"text-align: center;\">Ravi se narodil ve V\u00eddni, v Ch. S. \u00a0Borderline Country <a href=\"http:\/\/borderline-country.com\/\">zde<\/a>\u00a0 . Maminka je Sini (Demssin Yellow Rose) byla na n\u011bjak\u00fd \u010das do Rakouska zap\u016fj\u010dena z Finska z Ch.S. Demssin\u00a0<a href=\"http:\/\/www.demssin.fi\/englanti\/englanti.html\">zde<\/a>\u00a0. Tatinek Teo (Borderbay Secret Love) \u017eije v It\u00e1lii.<\/p>\n<p style=\"text-align: center;\">S Rav\u00ed\u010dkem se v\u011bnujeme obedience, \u00a0v\u00fdstav\u00e1m, stop\u00e1m a pasen\u00ed ove\u010dek. Od mali\u010dka nav\u0161t\u011bvoval na\u0161\u00ed domovskou M\u0160 v P\u0159erov\u011b a v sou\u010dasn\u00e9 dob\u011b pracuje jako plnohodnotn\u00fd \u010dlen na\u0161eho canisterapeutick\u00e9ho t\u00fdmu.<\/p>\n<p style=\"text-align: center;\">Rav\u010da je naprosto nekonfliktn\u00ed, p\u0159\u00e1telsk\u00fd, vst\u0159\u00edcn\u00fd a jemn\u00fd border\u00e1\u010dek, temperamentn\u00ed a s velkou chut\u00ed do pr\u00e1ce. Jeho \u017eivotn\u00edm heslem je: L\u00e1sku a m\u00edr pro v\u0161echny!!! Nikdy se neuraz\u00ed, nena\u0161tve, nikdy nem\u00e1 \u0161patnou n\u00e1ladu. V\u0161echno je super, v\u0161echno je par\u00e1dn\u00ed, v\u0161echno je bezva z\u00e1bava. \u00a0Od miminka se s n\u00edm pracuje pozitivkou, nesnese tlak a hrub\u00e9 zach\u00e1zen\u00ed.<\/p>\n<p style=\"text-align: center;\">Jako v\u0161echny na\u0161e borderky, i Rav\u00ed\u010dek m\u00e1 slo\u017eenu zkou\u0161ku vloh z pasen\u00ed a je klubov\u00fdm \u0161ampionem. Tedy krom\u011b jin\u00e9ho. \ud83d\ude42<\/p>\n<div id='gallery-1' class='gallery galleryid-1249 gallery-columns-3 gallery-size-thumbnail'><figure class='gallery-item'>\n\t\t\t<div class='gallery-icon landscape'>\n\t\t\t\t<a href='https:\/\/justinstyle.cz\/wp-content\/uploads\/2020\/01\/IMG-20200113-WA0001-1.jpg'><img loading=\"lazy\" decoding=\"async\" width=\"150\" height=\"150\" src=\"https:\/\/justinstyle.cz\/wp-content\/uploads\/2020\/01\/IMG-20200113-WA0001-1-150x150.jpg\" class=\"attachment-thumbnail size-thumbnail\" alt=\"\" \/><\/a>\n\t\t\t<\/div><\/figure><figure class='gallery-item'>\n\t\t\t<div class='gallery-icon portrait'>\n\t\t\t\t<a href='https:\/\/justinstyle.cz\/wp-content\/uploads\/2016\/03\/DSC_5397.jpg'><img loading=\"lazy\" decoding=\"async\" width=\"150\" height=\"150\" src=\"https:\/\/justinstyle.cz\/wp-content\/uploads\/2016\/03\/DSC_5397-150x150.jpg\" class=\"attachment-thumbnail size-thumbnail\" alt=\"\" \/><\/a>\n\t\t\t<\/div><\/figure><figure class='gallery-item'>\n\t\t\t<div class='gallery-icon landscape'>\n\t\t\t\t<a href='https:\/\/justinstyle.cz\/wp-content\/uploads\/2016\/01\/DSC_4781.jpg'><img loading=\"lazy\" decoding=\"async\" width=\"150\" height=\"150\" src=\"https:\/\/justinstyle.cz\/wp-content\/uploads\/2016\/01\/DSC_4781-150x150.jpg\" class=\"attachment-thumbnail size-thumbnail\" alt=\"\" \/><\/a>\n\t\t\t<\/div><\/figure><figure class='gallery-item'>\n\t\t\t<div class='gallery-icon landscape'>\n\t\t\t\t<a href='https:\/\/justinstyle.cz\/wp-content\/uploads\/2015\/05\/Rafca.jpg'><img loading=\"lazy\" decoding=\"async\" width=\"150\" height=\"150\" src=\"https:\/\/justinstyle.cz\/wp-content\/uploads\/2015\/05\/Rafca-150x150.jpg\" class=\"attachment-thumbnail size-thumbnail\" alt=\"\" \/><\/a>\n\t\t\t<\/div><\/figure><figure class='gallery-item'>\n\t\t\t<div class='gallery-icon portrait'>\n\t\t\t\t<a href='https:\/\/justinstyle.cz\/wp-content\/uploads\/2012\/02\/Ravi.jpg'><img loading=\"lazy\" decoding=\"async\" width=\"150\" height=\"150\" src=\"https:\/\/justinstyle.cz\/wp-content\/uploads\/2012\/02\/Ravi-150x150.jpg\" class=\"attachment-thumbnail size-thumbnail\" alt=\"\" \/><\/a>\n\t\t\t<\/div><\/figure><figure class='gallery-item'>\n\t\t\t<div class='gallery-icon portrait'>\n\t\t\t\t<a href='https:\/\/justinstyle.cz\/wp-content\/uploads\/2012\/12\/Ravca.jpg'><img loading=\"lazy\" decoding=\"async\" width=\"150\" height=\"150\" src=\"https:\/\/justinstyle.cz\/wp-content\/uploads\/2012\/12\/Ravca-150x150.jpg\" class=\"attachment-thumbnail size-thumbnail\" alt=\"\" aria-describedby=\"gallery-1-2003\" \/><\/a>\n\t\t\t<\/div>\n\t\t\t\t<figcaption class='wp-caption-text gallery-caption' id='gallery-1-2003'>\n\t\t\t\tRavel 11 m\u011bs\u00edc\u016f\n\t\t\t\t<\/figcaption><\/figure><figure class='gallery-item'>\n\t\t\t<div class='gallery-icon landscape'>\n\t\t\t\t<a href='https:\/\/justinstyle.cz\/wp-content\/uploads\/2012\/02\/Ravi-1.jpg'><img loading=\"lazy\" decoding=\"async\" width=\"150\" height=\"150\" src=\"https:\/\/justinstyle.cz\/wp-content\/uploads\/2012\/02\/Ravi-1-150x150.jpg\" class=\"attachment-thumbnail size-thumbnail\" alt=\"\" aria-describedby=\"gallery-1-1856\" \/><\/a>\n\t\t\t<\/div>\n\t\t\t\t<figcaption class='wp-caption-text gallery-caption' id='gallery-1-1856'>\n\t\t\t\t9 Months\n\t\t\t\t<\/figcaption><\/figure><figure class='gallery-item'>\n\t\t\t<div class='gallery-icon landscape'>\n\t\t\t\t<a href='https:\/\/justinstyle.cz\/wp-content\/uploads\/2020\/11\/14.jpg'><img loading=\"lazy\" decoding=\"async\" width=\"150\" height=\"150\" src=\"https:\/\/justinstyle.cz\/wp-content\/uploads\/2020\/11\/14-150x150.jpg\" class=\"attachment-thumbnail size-thumbnail\" alt=\"\" srcset=\"https:\/\/justinstyle.cz\/wp-content\/uploads\/2020\/11\/14-150x150.jpg 150w, https:\/\/justinstyle.cz\/wp-content\/uploads\/2020\/11\/14-80x80.jpg 80w\" sizes=\"auto, (max-width: 150px) 100vw, 150px\" \/><\/a>\n\t\t\t<\/div><\/figure><figure class='gallery-item'>\n\t\t\t<div class='gallery-icon landscape'>\n\t\t\t\t<a href='https:\/\/justinstyle.cz\/wp-content\/uploads\/2020\/11\/977837_4470794539383_1472031912_o.jpg'><img loading=\"lazy\" decoding=\"async\" width=\"150\" height=\"150\" src=\"https:\/\/justinstyle.cz\/wp-content\/uploads\/2020\/11\/977837_4470794539383_1472031912_o-150x150.jpg\" class=\"attachment-thumbnail size-thumbnail\" alt=\"\" srcset=\"https:\/\/justinstyle.cz\/wp-content\/uploads\/2020\/11\/977837_4470794539383_1472031912_o-150x150.jpg 150w, https:\/\/justinstyle.cz\/wp-content\/uploads\/2020\/11\/977837_4470794539383_1472031912_o-80x80.jpg 80w, https:\/\/justinstyle.cz\/wp-content\/uploads\/2020\/11\/977837_4470794539383_1472031912_o-960x960.jpg 960w\" sizes=\"auto, (max-width: 150px) 100vw, 150px\" \/><\/a>\n\t\t\t<\/div><\/figure>\n\t\t<\/div>\n\n","protected":false},"excerpt":{"rendered":"\u00a0Borderline Country Ravel \u201eRavi\u201c Chovn\u00fd Borderline Country Ravel Pedigree Otec:\u00a0Borderbay Secret Love \u201eTheo\u201c \u00a0 \u00a0 \u00a0 \u00a0 \u00a0&hellip;\n","protected":false},"author":1,"featured_media":5012,"parent":4357,"menu_order":7,"comment_status":"closed","ping_status":"closed","template":"","meta":{"footnotes":""},"class_list":{"0":"post-1249","1":"page","2":"type-page","3":"status-publish","4":"has-post-thumbnail","6":"cs-entry","7":"cs-video-wrap"},"_links":{"self":[{"href":"https:\/\/justinstyle.cz\/index.php?rest_route=\/wp\/v2\/pages\/1249","targetHints":{"allow":["GET"]}}],"collection":[{"href":"https:\/\/justinstyle.cz\/index.php?rest_route=\/wp\/v2\/pages"}],"about":[{"href":"https:\/\/justinstyle.cz\/index.php?rest_route=\/wp\/v2\/types\/page"}],"author":[{"embeddable":true,"href":"https:\/\/justinstyle.cz\/index.php?rest_route=\/wp\/v2\/users\/1"}],"replies":[{"embeddable":true,"href":"https:\/\/justinstyle.cz\/index.php?rest_route=%2Fwp%2Fv2%2Fcomments&post=1249"}],"version-history":[{"count":125,"href":"https:\/\/justinstyle.cz\/index.php?rest_route=\/wp\/v2\/pages\/1249\/revisions"}],"predecessor-version":[{"id":4327,"href":"https:\/\/justinstyle.cz\/index.php?rest_route=\/wp\/v2\/pages\/1249\/revisions\/4327"}],"up":[{"embeddable":true,"href":"https:\/\/justinstyle.cz\/index.php?rest_route=\/wp\/v2\/pages\/4357"}],"wp:featuredmedia":[{"embeddable":true,"href":"https:\/\/justinstyle.cz\/index.php?rest_route=\/wp\/v2\/media\/5012"}],"wp:attachment":[{"href":"https:\/\/justinstyle.cz\/index.php?rest_route=%2Fwp%2Fv2%2Fmedia&parent=1249"}],"curies":[{"name":"wp","href":"https:\/\/api.w.org\/{rel}","templated":true}]}}